{"id":39,"date":"2014-09-26T11:26:34","date_gmt":"2014-09-26T11:26:34","guid":{"rendered":"http:\/\/od24.phpegaz.pl\/?page_id=39"},"modified":"2015-01-29T14:04:20","modified_gmt":"2015-01-29T14:04:20","slug":"sort-czy-niesort","status":"publish","type":"page","link":"http:\/\/od24.phpegaz.pl\/?page_id=39","title":{"rendered":"Sort, czy niesort."},"content":{"rendered":"<p><span style=\"color: #000000;\">Odzie\u017c sortowana,czy niesortowana? Import odzie\u017cy u\u017cywanej podzielony jest na dwie kategorie: odzie\u017c sortowana lub odzie\u017c niesortowana. R\u00f3\u017cnice s\u0105 znaczne i do\u015b\u0107 istotne, poni\u017cej przedstawiamy zalety i wady ka\u017cdej opcji.<\/span><\/p>\n<p><span style=\"color: #000000;\">1. Odzie\u017c sortowana \u2013 sort<\/span><\/p>\n<p><span style=\"color: #000000;\">Zalety:<\/span><br \/>\n<span style=\"color: #000000;\"> &#8211; sta\u0142a jako\u015b\u0107 towaru, bez odzie\u017cy brudnej czy uszkodzonej wszystko zdezynfekowane,<\/span><br \/>\n<span style=\"color: #000000;\"> &#8211; mo\u017cliwo\u015b\u0107 wyboru rodzaju odzie\u017cy : m\u0119ska, damska, dzieci\u0119ca,zabawki,paski\u2026.,<\/span><br \/>\n<span style=\"color: #000000;\"> &#8211; mo\u017cliwo\u015b\u0107 obejrzenia towaru przed zakupem,<\/span><br \/>\n<span style=\"color: #000000;\"> &#8211; brak odpad\u00f3w,<\/span><br \/>\n<span style=\"color: #000000;\"> &#8211; mo\u017cliwo\u015b\u0107 zakupu towaru w ilo\u015bci 1 opakowanie z r\u00f3\u017cnych stron \u015bwiata np. z Anglii, Belgii, Szwajcarii\u2026.<\/span><\/p>\n<p><span style=\"color: #000000;\">Wady:<\/span><br \/>\n<span style=\"color: #000000;\"> &#8211; do\u015b\u0107 wysoka cena, lecz adekwatna do proponowanej jako\u015bci.<\/span><\/p>\n<p><span style=\"color: #000000;\">Na pewno nie nale\u017cy kupowa\u0107 w firmach odzie\u017cy sortowanej gdy s\u0105 proponowane ceny, sort w cenie nie sortu. Jest to nie realne \u017ceby taki towar by\u0142 dobrej jako\u015bci. Nie nale\u017cy te\u017c kupowa\u0107 w firmach kt\u00f3re maj\u0105 swoje sklepy z wiadomych powod\u00f3w.<\/span><br \/>\n<span style=\"color: #000000;\"> &#8211; du\u017co ni\u017csza cena zakupu ni\u017c w przypadku odzie\u017cy sortowanej<\/span><br \/>\n<span style=\"color: #000000;\"> &#8211; mo\u017cliwo\u015b\u0107 wi\u0119kszej mar\u017cy ni\u017c w przypadku sortowanej odzie\u017cy pod warunkiem \u017ce trafimy na dobry nie przebierany towar( a teraz takiego ju\u017c prawie ju\u017c nie ma, ju\u017c przy zbi\u00f3rkach biegaj\u0105 szperacze i wybieraj\u0105 co najlepsze.Sortownie co oferuj\u0105 sort te\u017c maj\u0105 nie sort przebrany.)<\/span><br \/>\n<span style=\"color: #000000;\"> Wady:<\/span><br \/>\n<span style=\"color: #000000;\"> &#8211; nigdy nie wiadomo co znajduje si\u0119 w workach (mo\u017ce si\u0119 zdarzy\u0107, \u017ce 100% wyrzucimy do \u015bmieci),<\/span><br \/>\n<span style=\"color: #000000;\"> &#8211; koszty zwi\u0105zane z utylizacj\u0105 odpad\u00f3w,<\/span><br \/>\n<span style=\"color: #000000;\"> &#8211; brak mo\u017cliwo\u015bci sprawdzenia towaru przed zakupem,<\/span><br \/>\n<span style=\"color: #000000;\"> &#8211; dodatkowa praca zwi\u0105zana z wysortowaniem towaru, pranie, prasowanie\u2026<\/span><br \/>\n<span style=\"color: #000000;\"> Je\u017celi przy zakupach towaru niesortowanego nie mamy pewnego \u017ar\u00f3d\u0142a to rachunek jest prosty jeden zakup trafiony jeden nie i nic nie zarabiamy, a wr\u0119cz wychodzimy na minus.<\/span><\/p>\n<p><span style=\"color: #000000;\">2. Bezpo\u015brednie zbi\u00f3rki- nie sort- D2D<\/span><br \/>\n<span style=\"color: #000000;\"> Zalety:<\/span><br \/>\n<span style=\"color: #000000;\"> Jak sprzedawa\u0107 na sztuki czy te\u017c na kilogramy?<\/span><\/p>\n<p><span style=\"color: #000000;\">W latach 80- 90-tych bardzo popularna by\u0142a sprzeda\u017c na kilogramy (towar by\u0142 wy\u0142o\u017cony w ogromnych koszach na \u015brodku sklepu, a klienci wyszukiwali w nich grzebali i wybierali to co dla nich\u201d najlepsze\u201d). W dzisiejszych czasach jest bardzo wyra\u017ana tendencja odchodzenia od tego typu handlu na rzecz wyceniania wszystkich rzeczy i wieszania na wieszakach. Cho\u0107 s\u0105 sklepy kt\u00f3re nadal sprzedaj\u0105 odzie\u017c na wag\u0119 w cenie wyj\u015bciowej 40-50 z\u0142\/kg.Sklepy z odzie\u017c\u0105 u\u017cywan\u0105 ju\u017c nie s\u0105 takimi lumpeksami jak kiedy\u015b, tylko bardzo \u0142adnymi butikami odzie\u017cowymi. My r\u00f3wnie\u017c polecamy wycen\u0119 wszystkiego i wywieszenie na wieszakach sklepowych. Zajmuje to zapewne nieco wi\u0119cej czasu ni\u017c przy sprzeda\u017cy na wag\u0119, ale gwarantuje ekskluzywno\u015b\u0107 i niepowtarzalno\u015b\u0107 sklepu oraz wi\u0119ksze zyski ze sprzeda\u017cy.Gdy ma si\u0119 du\u017cy sklep to mo\u017cna zastanowi\u0107 si\u0119 nad modelem sprzeda\u017cy \u201ena wag\u0119\u201dlub sprzeda\u017c\u0105 mieszan\u0105( waga + wieszak).<\/span><\/p>\n<p><span style=\"color: #000000;\">3. Odzie\u017c m\u0119ska, damska, czy dzieci\u0119ca?<\/span><\/p>\n<p><span style=\"color: #000000;\">Musimy zastanowi\u0107 si\u0119 jak\u0105 odzie\u017c b\u0119dziemy sprzedawa\u0107 naszym klientom. Wi\u0119kszo\u015b\u0107 os\u00f3b odwiedzaj\u0105cych sklepy z odzie\u017c\u0105 u\u017cywan\u0105 to kobiety i w\u0142a\u015bnie odzie\u017c damska i m\u0142odzie\u017cowa powinna by\u0107 g\u0142\u00f3wnym elementem na kt\u00f3rym skupimy swoj\u0105 uwag\u0119. Posiadanie odzie\u017cy dzieci\u0119cej w sklepie te\u017c jest bardzo dobrym pomys\u0142em, gdy\u017c kobiety cz\u0119sto szukaj\u0105 r\u00f3wnie\u017c odzie\u017cy dla swoich male\u0144stw, lub przychodz\u0105c po odzie\u017c dzieci\u0119c\u0105 kupuj\u0105 co\u015b sobie. Je\u017celi mamy ograniczy metra\u017c w sklepie mo\u017cemy zrezygnowa\u0107 z odzie\u017cy m\u0119skiej, poniewa\u017c stanowi ona najmniejszy procent z ca\u0142ej sprzeda\u017cy, cho\u0107 to nie regu\u0142a. Skupiaj\u0105c si\u0119 tylko na odzie\u017cy damskiej, m\u0142odzie\u017cowej i dzieci\u0119cej b\u0119dzie nam \u0142atwiej dotrze\u0107 do docelowej grupy naszych odbiorc\u00f3w. Jednak jak wiemy to nie my lecz rynek dyktuje regu\u0142y. Je\u017celi zauwa\u017cymy, \u017ce du\u017cym zainteresowaniem cieszy si\u0119 odzie\u017c m\u0119ska, a np. dzieci\u0119ca nie tak wysokim jak pocz\u0105tkowo planowali\u015bmy to powinni\u015bmy zastanowi\u0107 si\u0119 nad zmian\u0105 asortymentu odzie\u017cy w sklepie. Nie ma sensu oferowa\u0107 co\u015b,na co nie ma odbiorc\u00f3w, chyba \u017ce mamy za du\u017co pieni\u0119dzy i miejsca w sklepie.Decyzje o zmianach asortymentowych powinni\u015bmy podejmowa\u0107 rozs\u0105dnie i po przeanalizowaniu kto odwiedza nasz sklep, oraz po tym co si\u0119 najlepiej sprzedaje i czego szukaj\u0105 Klienci.I je\u015bli podejmiemy decyzje o zmianie asortymentu to zrobi\u0107 to jak najszybciej \u017ceby nie traci\u0107 wi\u0119cej kupuj\u0105cych.<\/span><\/p>\n<p><span style=\"color: #000000;\">4. Jak zapobiec kradzie\u017c\u0105 w sklepie ?<\/span><\/p>\n<p><span style=\"color: #000000;\">Problem kradzie\u017cy w sklepach z odzie\u017c\u0105 u\u017cywan\u0105 zapewne nie ominie r\u00f3wnie\u017c naszego nowego sklepu. Jest to sprawa z kt\u00f3r\u0105 musz\u0105 si\u0119 na co dzie\u0144 mierzy\u0107 w\u0142a\u015bciciele wszystkich sklep\u00f3w z odzie\u017c\u0105. Problem kradzie\u017cy jest zar\u00f3wno po stronie Klient\u00f3w jak i pracownik\u00f3w.Jest pewien odsetek ludzi, kt\u00f3rzy przychodz\u0105 do sklepu tylko po to, aby ubra\u0107 si\u0119 za darmo wi\u0119c na nich trzeba zwr\u00f3ci\u0107 szczeg\u00f3ln\u0105 uwag\u0119. W miar\u0119 skutecznym rozwi\u0105zaniem jest zamontowanie kamer w sklepie lub ich atrap. Zapewne zniech\u0119ci to co niekt\u00f3rych z\u0142odziei naszego towaru.Niestety, nie b\u0119dziemy w stanie kontrolowa\u0107 wszystkich i wszystkiego, dlatego pewien odsetek naszej sprzeda\u017cy powinni\u015bmy przeznaczy\u0107 na tzw. straty zwi\u0105zane z prowadzeniem dzia\u0142alno\u015bci. Kradzie\u017ce i defraudacje pracownicze i klienckie mog\u0105 czasami wynosi\u0107 ponad 35% dochod\u00f3w sklepu, dlatego powinni\u015bmy bacznie kontrolowa\u0107 i sprawdza\u0107 co si\u0119 dzieje w naszym sklepie, warto zainwestowa\u0107 w kamery do monitoringu. Z roku na rok s\u0105 coraz ta\u0144sze.<\/span><br \/>\n<span style=\"color: #000000;\"> Czasem mo\u017cna kupi\u0107 na aukcjach allegro lub EFL , systemy antykradzie\u017cowe, gdy si\u0119 handluje drogim towarem to warto si\u0119 nad tym zastanowi\u0107.<\/span><\/p>\n","protected":false},"excerpt":{"rendered":"<p>Odzie\u017c sortowana,czy niesortowana? Import odzie\u017cy u\u017cywanej podzielony jest na dwie kategorie: odzie\u017c sortowana lub odzie\u017c niesortowana. R\u00f3\u017cnice s\u0105 znaczne i do\u015b\u0107 istotne, poni\u017cej przedstawiamy zalety i wady ka\u017cdej opcji. 1. Odzie\u017c sortowana \u2013 sort Zalety: &#8211; sta\u0142a jako\u015b\u0107 towaru, bez odzie\u017cy brudnej czy uszkodzonej wszystko zdezynfekowane, &#8211; mo\u017cliwo\u015b\u0107 wyboru rodzaju odzie\u017cy : m\u0119ska, damska, dzieci\u0119ca,zabawki,paski\u2026., &#8211; mo\u017cliwo\u015b\u0107 obejrzenia towaru przed zakupem, &#8211; brak odpad\u00f3w, &#8211; mo\u017cliwo\u015b\u0107 zakupu towaru w ilo\u015bci 1 opakowanie z r\u00f3\u017cnych stron \u015bwiata np. z Anglii, Belgii, Szwajcarii\u2026. Wady: &#8211; do\u015b\u0107 wysoka cena, lecz adekwatna do proponowanej jako\u015bci. Na pewno nie nale\u017cy kupowa\u0107 w firmach odzie\u017cy sortowanej gdy s\u0105 proponowane ceny, sort w cenie nie sortu. Jest [&hellip;]<\/p>\n","protected":false},"author":1,"featured_media":0,"parent":18,"menu_order":0,"comment_status":"open","ping_status":"open","template":"","meta":{"_exactmetrics_skip_tracking":false,"_exactmetrics_sitenote_active":false,"_exactmetrics_sitenote_note":"","_exactmetrics_sitenote_category":0,"jetpack_post_was_ever_published":false,"footnotes":""},"class_list":["post-39","page","type-page","status-publish","hentry"],"aioseo_notices":[],"jetpack_sharing_enabled":true,"jetpack_shortlink":"https:\/\/wp.me\/P5S9M7-D","jetpack_likes_enabled":true,"jetpack-related-posts":[{"id":61,"url":"http:\/\/od24.phpegaz.pl\/?page_id=61","url_meta":{"origin":39,"position":0},"title":"Jakie zyski mo\u017cna uzyska\u0107 ze sklepu?","author":"admin","date":"1 lutego, 2015","format":false,"excerpt":"[smartslider2 slider=\"1\"] Dobra lokalizacja sklepu to g\u0142\u00f3wny warunek sukcesu. Powodzenie w tym biznesie uzale\u017cnione jest od wielu czynnik\u00f3w, ale jednym z najwa\u017cniejszych jest lokal w dobrej lokalizacji. Nie sztuk\u0105 jest uruchomi\u0107 sklep z odzie\u017c\u0105 u\u017cywan\u0105 w miejscu gdzie nie b\u0119d\u0105 chodzi\u0107 ludzie, a zw\u0142aszcza kobiety i m\u0142odzie\u017c kt\u00f3rzy stanowi\u0105 wi\u0119kszo\u015b\u0107\u2026","rel":"","context":"Podobny wpis","block_context":{"text":"Podobny wpis","link":""},"img":{"alt_text":"","src":"","width":0,"height":0},"classes":[]},{"id":33,"url":"http:\/\/od24.phpegaz.pl\/?page_id=33","url_meta":{"origin":39,"position":1},"title":"Jakie zyski mo\u017cna osi\u0105gn\u0105\u0107 ze sklepu z odzie\u017c\u0105 u\u017cywan\u0105?","author":"admin","date":"26 wrze\u015bnia, 2014","format":false,"excerpt":"Dobra lokalizacja sklepu to g\u0142\u00f3wny warunek sukcesu. Powodzenie w tym biznesie uzale\u017cnione jest od wielu czynnik\u00f3w, ale jednym z najwa\u017cniejszych jest lokal w dobrej lokalizacji. Nie sztuk\u0105 jest uruchomi\u0107 sklep z odzie\u017c\u0105 u\u017cywan\u0105 w miejscu gdzie nie b\u0119d\u0105 chodzi\u0107 ludzie, a zw\u0142aszcza kobiety i m\u0142odzie\u017c kt\u00f3rzy stanowi\u0105 wi\u0119kszo\u015b\u0107 klient\u00f3w. Tak\u2026","rel":"","context":"Z 1 komentarzem","block_context":{"text":"Z 1 komentarzem","link":"http:\/\/od24.phpegaz.pl\/?page_id=33#comments"},"img":{"alt_text":"","src":"https:\/\/i0.wp.com\/od24.phpegaz.pl\/wp-content\/uploads\/2014\/10\/zyski.jpg?resize=350%2C200","width":350,"height":200},"classes":[]},{"id":24,"url":"http:\/\/od24.phpegaz.pl\/?page_id=24","url_meta":{"origin":39,"position":2},"title":"Cennik hurtowy dla sklep\u00f3w","author":"admin","date":"26 wrze\u015bnia, 2014","format":false,"excerpt":"Cennik hurtowy dla sklep\u00f3w ekskluzywnej odzie\u017cy u\u017cywanej\u00a0obowi\u0105zuj\u0105cy w 2015 roku: Odzie\u017c u\u017cywana ze Szwajcarii typu Cream ( waga 30-40 kg) Pi\u0119kna odzie\u017c u\u017cywana z du\u017c\u0105 ilo\u015bci\u0105 nowej znanej odzie\u017cy markowej z podzia\u0142em na asortyment : - mix odzie\u017cy damskiej i m\u0142odzie\u017cowej - mix damski XXL ( odzie\u017c damska du\u017ce rozmiary\u2026","rel":"","context":"Z 9 komentarzami","block_context":{"text":"Z 9 komentarzami","link":"http:\/\/od24.phpegaz.pl\/?page_id=24#comments"},"img":{"alt_text":"belgia","src":"https:\/\/i0.wp.com\/od24.phpegaz.pl\/wp-content\/uploads\/2014\/09\/belgia-150x150.jpg?resize=350%2C200","width":350,"height":200},"classes":[]},{"id":14,"url":"http:\/\/od24.phpegaz.pl\/?page_id=14","url_meta":{"origin":39,"position":3},"title":"Cennik Textrade","author":"admin","date":"26 wrze\u015bnia, 2014","format":false,"excerpt":"Cennik hurtowy dla sklep\u00f3w ekskluzywnej odzie\u017cy u\u017cywanej\u00a0obowi\u0105zuj\u0105cy w roku 2016 : \u00a0 * Odzie\u017c u\u017cywana ze Szwajcarii typu Cream ( waga 30-40 kg) Pi\u0119kna odzie\u017c u\u017cywana z du\u017c\u0105 ilo\u015bci\u0105 nowej znanej odzie\u017cy markowej z podzia\u0142em na asortyment : - mix odzie\u017cy damskiej i m\u0142odzie\u017cowej - mix damski XXL ( odzie\u017c\u2026","rel":"","context":"Z 1 komentarzem","block_context":{"text":"Z 1 komentarzem","link":"http:\/\/od24.phpegaz.pl\/?page_id=14#comments"},"img":{"alt_text":"","src":"https:\/\/i0.wp.com\/od24.phpegaz.pl\/wp-content\/uploads\/2014\/10\/zyski.jpg?resize=350%2C200","width":350,"height":200},"classes":[]},{"id":43,"url":"http:\/\/od24.phpegaz.pl\/","url_meta":{"origin":39,"position":4},"title":"Informacje o importerze-strona g\u0142\u00f3wna.","author":"admin","date":"3 pa\u017adziernika, 2014","format":false,"excerpt":"UWAGA !! Nowa strona internetowa:\u00a0 WWW.PHPEGAZ.PL Witaj na stronie Textrade \u00a0bezpo\u015bredniego importera odzie\u017cy u\u017cywanej z Unii Europejskiej. Nasza specjalno\u015b\u0107 to\u00a0odzie\u017c u\u017cywana luksusowa typu cream. Jest to odzie\u017c kt\u00f3ra dzi\u0119ki swojej jako\u015bci, niepowtarzalno\u015bci, mark\u0105 konkuruje z now\u0105 odzie\u017c\u0105. W ofercie znajd\u0105 Pa\u0144stwo towary najlepiej\u00a0sprzedawane w sklepach, lecz ich ilo\u015bci s\u0105 ograniczone.\u00a0\u2026","rel":"","context":"Z 9 komentarzami","block_context":{"text":"Z 9 komentarzami","link":"http:\/\/od24.phpegaz.pl\/#comments"},"img":{"alt_text":"SONY DSC","src":"https:\/\/i0.wp.com\/od24.phpegaz.pl\/wp-content\/uploads\/2014\/10\/ania-300x180.jpg?resize=350%2C200","width":350,"height":200},"classes":[]},{"id":16,"url":"http:\/\/od24.phpegaz.pl\/?page_id=16","url_meta":{"origin":39,"position":5},"title":"Wysy\u0142ka towaru kurierem","author":"admin","date":"26 wrze\u015bnia, 2014","format":false,"excerpt":"DO KO\u0143CA KWIETNIA 2015 ZAKUPIONY TOWAR WYSY\u0141AMY BEZP\u0141ATNIE. Wysy\u0142ki realizujemy wed\u0142ug nast\u0119puj\u0105cej procedury: 1. Zadzwo\u0144 na nr. 508-215-666 i wybierz pozycj\u0119 odzie\u017cy u\u017cywanej do wysy\u0142ki . 2. Po uzyskaniu informacji odno\u015bnie wagi zam\u00f3wionego towaru i kwoty do zap\u0142aty przelej podan\u0105 kwot\u0119 na konto. 3. Po zaksi\u0119gowaniu wp\u0142aty na rachunku realizujemy\u2026","rel":"","context":"Z 1 komentarzem","block_context":{"text":"Z 1 komentarzem","link":"http:\/\/od24.phpegaz.pl\/?page_id=16#comments"},"img":{"alt_text":"kurier-300x55","src":"https:\/\/i0.wp.com\/od24.phpegaz.pl\/wp-content\/uploads\/2014\/09\/kurier-300x55.gif?resize=350%2C200","width":350,"height":200},"classes":[]}],"_links":{"self":[{"href":"http:\/\/od24.phpegaz.pl\/index.php?rest_route=\/wp\/v2\/pages\/39","targetHints":{"allow":["GET"]}}],"collection":[{"href":"http:\/\/od24.phpegaz.pl\/index.php?rest_route=\/wp\/v2\/pages"}],"about":[{"href":"http:\/\/od24.phpegaz.pl\/index.php?rest_route=\/wp\/v2\/types\/page"}],"author":[{"embeddable":true,"href":"http:\/\/od24.phpegaz.pl\/index.php?rest_route=\/wp\/v2\/users\/1"}],"replies":[{"embeddable":true,"href":"http:\/\/od24.phpegaz.pl\/index.php?rest_route=%2Fwp%2Fv2%2Fcomments&post=39"}],"version-history":[{"count":1,"href":"http:\/\/od24.phpegaz.pl\/index.php?rest_route=\/wp\/v2\/pages\/39\/revisions"}],"predecessor-version":[{"id":40,"href":"http:\/\/od24.phpegaz.pl\/index.php?rest_route=\/wp\/v2\/pages\/39\/revisions\/40"}],"up":[{"embeddable":true,"href":"http:\/\/od24.phpegaz.pl\/index.php?rest_route=\/wp\/v2\/pages\/18"}],"wp:attachment":[{"href":"http:\/\/od24.phpegaz.pl\/index.php?rest_route=%2Fwp%2Fv2%2Fmedia&parent=39"}],"curies":[{"name":"wp","href":"https:\/\/api.w.org\/{rel}","templated":true}]}}